7927.
67927
What are the prime factors of 161718?
2, 3, 26953
List the prime factors of 13104.
2, 3, 7, 13
What are the prime factors of 5797?
11, 17, 31
List the prime factors of 4160.
2, 5, 13
List the prime factors of 34228.
2, 43, 199
What are the prime factors of 3864?
2, 3, 7, 23
List the prime factors of 2886.
2, 3, 13, 37
What are the prime factors of 5107?
5107
What are the prime factors of 4113?
3, 457
List the prime factors of 93.
3, 31
What are the prime factors of 18726?
2, 3, 3121
List the prime factors of 1852.
2, 463
What are the prime factors of 5529?
3, 19, 97
What are the prime factors of 4393?
23, 191
List the prime factors of 38103.
3, 13, 977
What are the prime factors of 496?
2, 31
List the prime factors of 499.
499
What are the prime factors of 18535?
5, 11, 337
What are the prime factors of 2083?
2083
What are the prime factors of 22532?
2, 43, 131
What are the prime factors of 115422?
2, 3, 19237
What are the prime factors of 202944?
2, 3, 7, 151
List the prime factors of 13370.
2, 5, 7, 191
List the prime factors of 37997.
37997
List the prime factors of 152525.
5, 6101
List the prime factors of 23228.
2, 5807
List the prime factors of 1599.
3, 13, 41
List the prime factors of 717.
3, 239
List the prime factors of 5418.
2, 3, 7, 43
What are the prime factors of 1866?
2, 3, 311
List the prime factors of 7674.
2, 3, 1279
What are the prime factors of 11013?
3, 3671
List the prime factors of 1717.
17, 101
What are the prime factors of 79671?
3, 26557
List the prime factors of 30262.
2, 15131
What are the prime factors of 39243?
3, 103, 127
List the prime factors of 401.
401
List the prime factors of 50185.
5, 10037
What are the prime factors of 1215?
3, 5
List the prime factors of 1362.
2, 3, 227
List the prime factors of 4223.
41, 103
List the prime factors of 6923.
7, 23, 43
What are the prime factors of 14?
2, 7
List the prime factors of 2422.
2, 7, 173
List the prime factors of 4615.
5, 13, 71
List the prime factors of 59974.
2, 157, 191
What are the prime factors of 1261?
13, 97
List the prime factors of 1557.
3, 173
List the prime factors of 2405.
5, 13, 37
List the prime factors of 336.
2, 3, 7
What are the prime factors of 2262?
2, 3, 13, 29
What are the prime factors of 72?
2, 3
What are the prime factors of 3089?
3089
List the prime factors of 59434.
2, 29717
List the prime factors of 1544.
2, 193
What are the prime factors of 40727?
139, 293
List the prime factors of 3071.
37, 83
What are the prime factors of 70141?
70141
What are the prime factors of 1848?
2, 3, 7, 11
What are the prime factors of 7595?
5, 7, 31
List the prime factors of 4126.
2, 2063
List the prime factors of 2653.
7, 379
What are the prime factors of 845?
5, 13
What are the prime factors of 29304?
2, 3, 11, 37
What are the prime factors of 862?
2, 431
List the prime factors of 22622.
2, 11311
List the prime factors of 30784.
2, 13, 37
List the prime factors of 3771.
3, 419
List the prime factors of 1172.
2, 293
List the prime factors of 14585.
5, 2917
What are the prime factors of 2474?
2, 1237
What are the prime factors of 4029?
3, 17, 79
What are the prime factors of 3171?
3, 7, 151
What are the prime factors of 79901?
79901
List the prime factors of 11919.
3, 29, 137
What are the prime factors of 12959?
12959
List the prime factors of 1996.
2, 499
List the prime factors of 4560.
2, 3, 5, 19
What are the prime factors of 2534?
2, 7, 181
List the prime factors of 11597.
11597
List the prime factors of 22228.
2, 5557
List the prime factors of 2272.
2, 71
What are the prime factors of 7244?
2, 1811
List the prime factors of 153024.
2, 3, 797
List the prime factors of 1994.
2, 997
List the prime factors of 332.
2, 83
What are the prime factors of 3123?
3, 347
List the prime factors of 18325.
5, 733
What are the prime factors of 67170?
2, 3, 5, 2239
List the prime factors of 27526.
2, 13763
What are the prime factors of 2430?
2, 3, 5
List the prime factors of 572.
2, 11, 13
What are the prime factors of 572?
2, 11, 13
What are the prime factors of 1107?
3, 41
List the prime factors of 3285.
3, 5, 73
What are the prime factors of 9998?
2, 4999
List the prime factors of 14067.
3, 521
List the prime factors of 14705.
5, 17, 173
What are the prime factors of 77449?
41, 1889
List the prime factors of 2552.
2, 11, 29
List the prime factors of 5046.
2, 3, 29
List the prime factors of 4144.
2, 7, 37
List the prime factors of 1129.
1129
List the prime factors of 95206.
2, 181, 263
What are the prime factors of 911?
911
What are the prime factors of 5084?
2, 31, 41
What are the prime factors of 162?
2, 3
List the prime factors of 2025.
3, 5
What are the prime factors of 1167?
3, 389
List the prime factors of 14662.
2, 7331
What are the prime factors of 104092?
2, 53, 491
What are the prime factors of 1915?
5, 383
What are the prime factors of 3747?
3, 1249
What are the prime factors of 1277?
1277
What are the prime factors of 12293?
19, 647
List the prime factors of 30508.
2, 29, 263
What are the prime factors of 17913?
3, 7, 853
List the prime factors of 4343.
43, 101
What are the prime factors of 3659?
3659
List the prime factors of 2682.
2, 3, 149
List the prime factors of 311.
311
List the prime factors of 8899.
11, 809
What are the prime factors of 4515?
3, 5, 7, 43
What are the prime factors of 2007?
3, 223
What are the prime factors of 2885?
5, 577
What are the prime factors of 33831?
3, 7, 179
List the prime factors of 21616.
2, 7, 193
What are the prime factors of 1070?
2, 5, 107
List the prime factors of 1127.
7, 23
What are the prime factors of 12443?
23, 541
What are the prime factors of 1339?
13, 103
What are the prime factors of 145327?
7, 13, 1597
What are the prime factors of 75021?
3, 17, 1471
What are the prime factors of 34815?
3, 5, 11, 211
List the prime factors of 2133.
3, 79
What are the prime factors of 6774?
2, 3, 1129
What are the prime factors of 34135?
5, 6827
What are the prime factors of 7074?
2, 3, 131
What are the prime factors of 10059?
3, 7, 479
List the prime factors of 3816.
2, 3, 53
List the prime factors of 1009.
1009
List the prime factors of 4003.
4003
What are the prime factors of 19885?
5, 41, 97
List the prime factors of 3134.
2, 1567
List the prime factors of 25704.
2, 3, 7, 17
List the prime factors of 2268.
2, 3, 7
What are the prime factors of 161201?
161201
What are the prime factors of 1430?
2, 5, 11, 13
What are the prime factors of 7516?
2, 1879
List the prime factors of 1900.
2, 5, 19
What are the prime factors of 423?
3, 47
What are the prime factors of 1851?
3, 617
List the prime factors of 22701.
3, 7, 23, 47
List the prime factors of 1039.
1039
List the prime factors of 132564.
2, 3, 11047
What are the prime factors of 25961?
13, 1997
List the prime factors of 1481.
1481
List the prime factors of 2656.
2, 83
What are the prime factors of 975?
3, 5, 13
What are the prime factors of 1528?
2, 191
What are the prime factors of 3787?
7, 541
What are the prime factors of 12426?
2, 3, 19, 109
What are the prime factors of 4472?
2, 13, 43
What are the prime factors of 46266?
2, 3, 11, 701
List the prime factors of 28569.
3, 89, 107
What are the prime factors of 16465?
5, 37, 89
What are the prime factors of 966?
2, 3, 7, 23
What are the prime factors of 2317?
7, 331
What are the prime factors of 599?
599
List the prime factors of 1510.
2, 5, 151
List the prime factors of 41746.
2, 20873
What are the prime factors of 21057?
3, 7019
List the prime factors of 6413.
11, 53
List the prime factors of 8360.
2, 5, 11, 19
List the prime factors of 1273.
19, 67
List the prime factors of 11253.
3, 11, 31
What are the prime factors of 1639?
11, 149
List the prime factors of 52322.
2, 26161
List the prime factors of 443.
443
List the prime factors of 3577.
7, 73
What are the prime factors of 72086?
2, 7, 19, 271
List the prime factors of 154067.
154067
What are the prime factors of 12007?
12007
What are the prime factors of 146690?
2, 5, 14669
List the prime factors of 936.
2, 3, 13
What are the prime factors of 44619?
3, 107, 139
What are the prime factors of 59244?
2, 3, 4937
List the prime factors of 15753.
3, 59, 89
What are the prime factors of 6322?
2, 29, 109
What are the prime factors of 795?
3, 5, 53
Lis